{"id":1950,"date":"2016-02-08T21:12:00","date_gmt":"2016-02-09T03:12:00","guid":{"rendered":"https:\/\/sotzil-guatemaya.org\/projects\/voces-del-sur-en-la-adaptacion-al-cambio-climatico-fase-ii-de-los-principios-a-la-practica\/"},"modified":"2023-02-20T13:57:55","modified_gmt":"2023-02-20T19:57:55","slug":"voices-from-the-south-in-climate-change-adaptation-phase-ii-from-principles-to-practice","status":"publish","type":"projects","link":"https:\/\/sotzil-guatemaya.org\/en\/projects\/voices-from-the-south-in-climate-change-adaptation-phase-ii-from-principles-to-practice\/","title":{"rendered":"VOICES FROM THE SOUTH IN CLIMATE CHANGE ADAPTATION. PHASE II: FROM PRINCIPLES TO PRACTICE"},"content":{"rendered":"<div id=\"block_064b6a708d68532c3668e34adc4a668f\" class=\"block-container \">\n  \n\n<p><span style=\"color: #008143;\">Global<\/span><br \/><span style=\"color: #008143;\">2016 &#8211; 2017<\/span><\/p>\n<p>Advocacy of the Roundtable on Indigenous Climate Change of Guatemala (MICCG) for the Climate Change Policy and Law to promote the recognition of the rights of Indigenous Peoples through the promotion of the Paris Agreements.<\/p>\n<p><strong>ACTIVITIES CARRIED OUT:<\/strong><\/p>\n<ul>\n<li>Proposal for the inclusion of actions to the regulations for the National Adaptation Plan incorporating the Paris Agreements<\/li>\n<li>Development of the MICCG work plan validated and implemented by its member organizations<\/li>\n<li>Development of the MICCG&#8217;s strategic agenda incorporating the Paris Agreements in its strategic line of traditional knowledge and adaptation<\/li>\n<li>Development of advocacy actions specifically in the National Action Plan for Adaptation to Climate Change<\/li>\n<li>Advocacy with government authorities at the national and regional levels for the promotion of the Paris Agreements and to address the commitments derived from the Framework Law on Climate Change<\/li>\n<\/ul>\n\n\n<\/div>","protected":false},"excerpt":{"rendered":"<p>Incidencia de la Mesa Ind\u00edgena de Cambio Clim\u00e1tico de Guatemala, en la Pol\u00edtica y la Ley de Cambio Clim\u00e1tico.<\/p>\n","protected":false},"author":1,"featured_media":0,"template":"","acf":[],"yoast_head":"<!-- This site is optimized with the Yoast SEO plugin v20.5 - https:\/\/yoast.com\/wordpress\/plugins\/seo\/ -->\n<title>VOICES FROM THE SOUTH IN CLIMATE CHANGE ADAPTATION. PHASE II: FROM PRINCIPLES TO PRACTICE - Sotz\u2019il<\/title>\n<meta name=\"description\" content=\"Incidencia de la Mesa Ind\u00edgena de Cambio Clim\u00e1tico de Guatemala, en la Pol\u00edtica y la Ley de Cambio Clim\u00e1tico.\" \/>\n<meta name=\"robots\" content=\"index, follow, max-snippet:-1, max-image-preview:large, max-video-preview:-1\" \/>\n<link rel=\"canonical\" href=\"https:\/\/sotzil-guatemaya.org\/en\/projects\/voices-from-the-south-in-climate-change-adaptation-phase-ii-from-principles-to-practice\/\" \/>\n<meta property=\"og:locale\" content=\"en_US\" \/>\n<meta property=\"og:type\" content=\"article\" \/>\n<meta property=\"og:title\" content=\"VOICES FROM THE SOUTH IN CLIMATE CHANGE ADAPTATION. PHASE II: FROM PRINCIPLES TO PRACTICE - Sotz\u2019il\" \/>\n<meta property=\"og:description\" content=\"Incidencia de la Mesa Ind\u00edgena de Cambio Clim\u00e1tico de Guatemala, en la Pol\u00edtica y la Ley de Cambio Clim\u00e1tico.\" \/>\n<meta property=\"og:url\" content=\"https:\/\/sotzil-guatemaya.org\/en\/projects\/voices-from-the-south-in-climate-change-adaptation-phase-ii-from-principles-to-practice\/\" \/>\n<meta property=\"og:site_name\" content=\"Sotz\u2019il\" \/>\n<meta property=\"article:publisher\" content=\"https:\/\/www.facebook.com\/Sotzil\" \/>\n<meta property=\"article:modified_time\" content=\"2023-02-20T19:57:55+00:00\" \/>\n<meta property=\"og:image\" content=\"https:\/\/sotzil-guatemaya.org\/wp-content\/uploads\/2023\/02\/default.jpg\" \/>\n\t<meta property=\"og:image:width\" content=\"1200\" \/>\n\t<meta property=\"og:image:height\" content=\"675\" \/>\n\t<meta property=\"og:image:type\" content=\"image\/jpeg\" \/>\n<meta name=\"twitter:card\" content=\"summary_large_image\" \/>\n<meta name=\"twitter:site\" content=\"@SOTZIL_MAYA\" \/>\n<meta name=\"twitter:label1\" content=\"Est. reading time\" \/>\n\t<meta name=\"twitter:data1\" content=\"1 minute\" \/>\n<script type=\"application\/ld+json\" class=\"yoast-schema-graph\">{\"@context\":\"https:\/\/schema.org\",\"@graph\":[{\"@type\":\"WebPage\",\"@id\":\"https:\/\/sotzil-guatemaya.org\/en\/projects\/voices-from-the-south-in-climate-change-adaptation-phase-ii-from-principles-to-practice\/\",\"url\":\"https:\/\/sotzil-guatemaya.org\/en\/projects\/voices-from-the-south-in-climate-change-adaptation-phase-ii-from-principles-to-practice\/\",\"name\":\"VOICES FROM THE SOUTH IN CLIMATE CHANGE ADAPTATION. PHASE II: FROM PRINCIPLES TO PRACTICE - Sotz\u2019il\",\"isPartOf\":{\"@id\":\"https:\/\/sotzil-guatemaya.org\/en\/#website\"},\"datePublished\":\"2016-02-09T03:12:00+00:00\",\"dateModified\":\"2023-02-20T19:57:55+00:00\",\"description\":\"Incidencia de la Mesa Ind\u00edgena de Cambio Clim\u00e1tico de Guatemala, en la Pol\u00edtica y la Ley de Cambio Clim\u00e1tico.\",\"breadcrumb\":{\"@id\":\"https:\/\/sotzil-guatemaya.org\/en\/projects\/voices-from-the-south-in-climate-change-adaptation-phase-ii-from-principles-to-practice\/#breadcrumb\"},\"inLanguage\":\"en-US\",\"potentialAction\":[{\"@type\":\"ReadAction\",\"target\":[\"https:\/\/sotzil-guatemaya.org\/en\/projects\/voices-from-the-south-in-climate-change-adaptation-phase-ii-from-principles-to-practice\/\"]}]},{\"@type\":\"BreadcrumbList\",\"@id\":\"https:\/\/sotzil-guatemaya.org\/en\/projects\/voices-from-the-south-in-climate-change-adaptation-phase-ii-from-principles-to-practice\/#breadcrumb\",\"itemListElement\":[{\"@type\":\"ListItem\",\"position\":1,\"name\":\"Home\",\"item\":\"https:\/\/sotzil-guatemaya.org\/en\/\"},{\"@type\":\"ListItem\",\"position\":2,\"name\":\"VOICES FROM THE SOUTH IN CLIMATE CHANGE ADAPTATION. PHASE II: FROM PRINCIPLES TO PRACTICE\"}]},{\"@type\":\"WebSite\",\"@id\":\"https:\/\/sotzil-guatemaya.org\/en\/#website\",\"url\":\"https:\/\/sotzil-guatemaya.org\/en\/\",\"name\":\"Sotz\u2019il\",\"description\":\"Somos una organizaci\u00f3n ind\u00edgena sustentada en principios y valores de la cosmovisi\u00f3n maya.\",\"publisher\":{\"@id\":\"https:\/\/sotzil-guatemaya.org\/en\/#organization\"},\"potentialAction\":[{\"@type\":\"SearchAction\",\"target\":{\"@type\":\"EntryPoint\",\"urlTemplate\":\"https:\/\/sotzil-guatemaya.org\/en\/?s={search_term_string}\"},\"query-input\":\"required name=search_term_string\"}],\"inLanguage\":\"en-US\"},{\"@type\":\"Organization\",\"@id\":\"https:\/\/sotzil-guatemaya.org\/en\/#organization\",\"name\":\"Sotz\u2019il\",\"url\":\"https:\/\/sotzil-guatemaya.org\/en\/\",\"logo\":{\"@type\":\"ImageObject\",\"inLanguage\":\"en-US\",\"@id\":\"https:\/\/sotzil-guatemaya.org\/en\/#\/schema\/logo\/image\/\",\"url\":\"https:\/\/sotzil-guatemaya.org\/wp-content\/uploads\/2022\/12\/logo.png\",\"contentUrl\":\"https:\/\/sotzil-guatemaya.org\/wp-content\/uploads\/2022\/12\/logo.png\",\"width\":854,\"height\":306,\"caption\":\"Sotz\u2019il\"},\"image\":{\"@id\":\"https:\/\/sotzil-guatemaya.org\/en\/#\/schema\/logo\/image\/\"},\"sameAs\":[\"https:\/\/www.facebook.com\/Sotzil\",\"https:\/\/twitter.com\/SOTZIL_MAYA\",\"https:\/\/www.youtube.com\/@sotzilguatemaya6898\"]}]}<\/script>\n<!-- \/ Yoast SEO plugin. -->","yoast_head_json":{"title":"VOICES FROM THE SOUTH IN CLIMATE CHANGE ADAPTATION. PHASE II: FROM PRINCIPLES TO PRACTICE - Sotz\u2019il","description":"Incidencia de la Mesa Ind\u00edgena de Cambio Clim\u00e1tico de Guatemala, en la Pol\u00edtica y la Ley de Cambio Clim\u00e1tico.","robots":{"index":"index","follow":"follow","max-snippet":"max-snippet:-1","max-image-preview":"max-image-preview:large","max-video-preview":"max-video-preview:-1"},"canonical":"https:\/\/sotzil-guatemaya.org\/en\/projects\/voices-from-the-south-in-climate-change-adaptation-phase-ii-from-principles-to-practice\/","og_locale":"en_US","og_type":"article","og_title":"VOICES FROM THE SOUTH IN CLIMATE CHANGE ADAPTATION. PHASE II: FROM PRINCIPLES TO PRACTICE - Sotz\u2019il","og_description":"Incidencia de la Mesa Ind\u00edgena de Cambio Clim\u00e1tico de Guatemala, en la Pol\u00edtica y la Ley de Cambio Clim\u00e1tico.","og_url":"https:\/\/sotzil-guatemaya.org\/en\/projects\/voices-from-the-south-in-climate-change-adaptation-phase-ii-from-principles-to-practice\/","og_site_name":"Sotz\u2019il","article_publisher":"https:\/\/www.facebook.com\/Sotzil","article_modified_time":"2023-02-20T19:57:55+00:00","og_image":[{"width":1200,"height":675,"url":"https:\/\/sotzil-guatemaya.org\/wp-content\/uploads\/2023\/02\/default.jpg","type":"image\/jpeg"}],"twitter_card":"summary_large_image","twitter_site":"@SOTZIL_MAYA","twitter_misc":{"Est. reading time":"1 minute"},"schema":{"@context":"https:\/\/schema.org","@graph":[{"@type":"WebPage","@id":"https:\/\/sotzil-guatemaya.org\/en\/projects\/voices-from-the-south-in-climate-change-adaptation-phase-ii-from-principles-to-practice\/","url":"https:\/\/sotzil-guatemaya.org\/en\/projects\/voices-from-the-south-in-climate-change-adaptation-phase-ii-from-principles-to-practice\/","name":"VOICES FROM THE SOUTH IN CLIMATE CHANGE ADAPTATION. PHASE II: FROM PRINCIPLES TO PRACTICE - Sotz\u2019il","isPartOf":{"@id":"https:\/\/sotzil-guatemaya.org\/en\/#website"},"datePublished":"2016-02-09T03:12:00+00:00","dateModified":"2023-02-20T19:57:55+00:00","description":"Incidencia de la Mesa Ind\u00edgena de Cambio Clim\u00e1tico de Guatemala, en la Pol\u00edtica y la Ley de Cambio Clim\u00e1tico.","breadcrumb":{"@id":"https:\/\/sotzil-guatemaya.org\/en\/projects\/voices-from-the-south-in-climate-change-adaptation-phase-ii-from-principles-to-practice\/#breadcrumb"},"inLanguage":"en-US","potentialAction":[{"@type":"ReadAction","target":["https:\/\/sotzil-guatemaya.org\/en\/projects\/voices-from-the-south-in-climate-change-adaptation-phase-ii-from-principles-to-practice\/"]}]},{"@type":"BreadcrumbList","@id":"https:\/\/sotzil-guatemaya.org\/en\/projects\/voices-from-the-south-in-climate-change-adaptation-phase-ii-from-principles-to-practice\/#breadcrumb","itemListElement":[{"@type":"ListItem","position":1,"name":"Home","item":"https:\/\/sotzil-guatemaya.org\/en\/"},{"@type":"ListItem","position":2,"name":"VOICES FROM THE SOUTH IN CLIMATE CHANGE ADAPTATION. PHASE II: FROM PRINCIPLES TO PRACTICE"}]},{"@type":"WebSite","@id":"https:\/\/sotzil-guatemaya.org\/en\/#website","url":"https:\/\/sotzil-guatemaya.org\/en\/","name":"Sotz\u2019il","description":"Somos una organizaci\u00f3n ind\u00edgena sustentada en principios y valores de la cosmovisi\u00f3n maya.","publisher":{"@id":"https:\/\/sotzil-guatemaya.org\/en\/#organization"},"potentialAction":[{"@type":"SearchAction","target":{"@type":"EntryPoint","urlTemplate":"https:\/\/sotzil-guatemaya.org\/en\/?s={search_term_string}"},"query-input":"required name=search_term_string"}],"inLanguage":"en-US"},{"@type":"Organization","@id":"https:\/\/sotzil-guatemaya.org\/en\/#organization","name":"Sotz\u2019il","url":"https:\/\/sotzil-guatemaya.org\/en\/","logo":{"@type":"ImageObject","inLanguage":"en-US","@id":"https:\/\/sotzil-guatemaya.org\/en\/#\/schema\/logo\/image\/","url":"https:\/\/sotzil-guatemaya.org\/wp-content\/uploads\/2022\/12\/logo.png","contentUrl":"https:\/\/sotzil-guatemaya.org\/wp-content\/uploads\/2022\/12\/logo.png","width":854,"height":306,"caption":"Sotz\u2019il"},"image":{"@id":"https:\/\/sotzil-guatemaya.org\/en\/#\/schema\/logo\/image\/"},"sameAs":["https:\/\/www.facebook.com\/Sotzil","https:\/\/twitter.com\/SOTZIL_MAYA","https:\/\/www.youtube.com\/@sotzilguatemaya6898"]}]}},"_links":{"self":[{"href":"https:\/\/sotzil-guatemaya.org\/en\/wp-json\/wp\/v2\/projects\/1950"}],"collection":[{"href":"https:\/\/sotzil-guatemaya.org\/en\/wp-json\/wp\/v2\/projects"}],"about":[{"href":"https:\/\/sotzil-guatemaya.org\/en\/wp-json\/wp\/v2\/types\/projects"}],"author":[{"embeddable":true,"href":"https:\/\/sotzil-guatemaya.org\/en\/wp-json\/wp\/v2\/users\/1"}],"wp:attachment":[{"href":"https:\/\/sotzil-guatemaya.org\/en\/wp-json\/wp\/v2\/media?parent=1950"}],"curies":[{"name":"wp","href":"https:\/\/api.w.org\/{rel}","templated":true}]}}

<p>Incidencia de la Mesa Indígena de Cambio Climático de Guatemala, en la Política y la Ley de Cambio Climático.</p>

<!-- This site is optimized with the Yoast SEO plugin v20.5 - https://yoast.com/wordpress/plugins/seo/ -->
<title>VOICES FROM THE SOUTH IN CLIMATE CHANGE ADAPTATION. PHASE II: FROM PRINCIPLES TO PRACTICE - Sotz’il</title>
<meta name="description" content="Incidencia de la Mesa Indígena de Cambio Climático de Guatemala, en la Política y la Ley de Cambio Climático." />
<meta name="robots" content="index, follow, max-snippet:-1, max-image-preview:large, max-video-preview:-1" />
<link rel="canonical" href="https://sotzil-guatemaya.org/en/projects/voices-from-the-south-in-climate-change-adaptation-phase-ii-from-principles-to-practice/" />
<meta property="og:locale" content="en_US" />
<meta property="og:type" content="article" />
<meta property="og:title" content="VOICES FROM THE SOUTH IN CLIMATE CHANGE ADAPTATION. PHASE II: FROM PRINCIPLES TO PRACTICE - Sotz’il" />
<meta property="og:description" content="Incidencia de la Mesa Indígena de Cambio Climático de Guatemala, en la Política y la Ley de Cambio Climático." />
<meta property="og:url" content="https://sotzil-guatemaya.org/en/projects/voices-from-the-south-in-climate-change-adaptation-phase-ii-from-principles-to-practice/" />
<meta property="og:site_name" content="Sotz’il" />
<meta property="article:publisher" content="https://www.facebook.com/Sotzil" />
<meta property="article:modified_time" content="2023-02-20T19:57:55+00:00" />
<meta property="og:image" content="https://sotzil-guatemaya.org/wp-content/uploads/2023/02/default.jpg" />
	<meta property="og:image:width" content="1200" />
	<meta property="og:image:height" content="675" />
	<meta property="og:image:type" content="image/jpeg" />
<meta name="twitter:card" content="summary_large_image" />
<meta name="twitter:site" content="@SOTZIL_MAYA" />
<meta name="twitter:label1" content="Est. reading time" />
	<meta name="twitter:data1" content="1 minute" />
<script type="application/ld+json" class="yoast-schema-graph">{"@context":"https://schema.org","@graph":[{"@type":"WebPage","@id":"https://sotzil-guatemaya.org/en/projects/voices-from-the-south-in-climate-change-adaptation-phase-ii-from-principles-to-practice/","url":"https://sotzil-guatemaya.org/en/projects/voices-from-the-south-in-climate-change-adaptation-phase-ii-from-principles-to-practice/","name":"VOICES FROM THE SOUTH IN CLIMATE CHANGE ADAPTATION. PHASE II: FROM PRINCIPLES TO PRACTICE - Sotz’il","isPartOf":{"@id":"https://sotzil-guatemaya.org/en/#website"},"datePublished":"2016-02-09T03:12:00+00:00","dateModified":"2023-02-20T19:57:55+00:00","description":"Incidencia de la Mesa Indígena de Cambio Climático de Guatemala, en la Política y la Ley de Cambio Climático.","breadcrumb":{"@id":"https://sotzil-guatemaya.org/en/projects/voices-from-the-south-in-climate-change-adaptation-phase-ii-from-principles-to-practice/#breadcrumb"},"inLanguage":"en-US","potentialAction":[{"@type":"ReadAction","target":["https://sotzil-guatemaya.org/en/projects/voices-from-the-south-in-climate-change-adaptation-phase-ii-from-principles-to-practice/"]}]},{"@type":"BreadcrumbList","@id":"https://sotzil-guatemaya.org/en/projects/voices-from-the-south-in-climate-change-adaptation-phase-ii-from-principles-to-practice/#breadcrumb","itemListElement":[{"@type":"ListItem","position":1,"name":"Home","item":"https://sotzil-guatemaya.org/en/"},{"@type":"ListItem","position":2,"name":"VOICES FROM THE SOUTH IN CLIMATE CHANGE ADAPTATION. PHASE II: FROM PRINCIPLES TO PRACTICE"}]},{"@type":"WebSite","@id":"https://sotzil-guatemaya.org/en/#website","url":"https://sotzil-guatemaya.org/en/","name":"Sotz’il","description":"Somos una organización indígena sustentada en principios y valores de la cosmovisión maya.","publisher":{"@id":"https://sotzil-guatemaya.org/en/#organization"},"potentialAction":[{"@type":"SearchAction","target":{"@type":"EntryPoint","urlTemplate":"https://sotzil-guatemaya.org/en/?s={search_term_string}"},"query-input":"required name=search_term_string"}],"inLanguage":"en-US"},{"@type":"Organization","@id":"https://sotzil-guatemaya.org/en/#organization","name":"Sotz’il","url":"https://sotzil-guatemaya.org/en/","logo":{"@type":"ImageObject","inLanguage":"en-US","@id":"https://sotzil-guatemaya.org/en/#/schema/logo/image/","url":"https://sotzil-guatemaya.org/wp-content/uploads/2022/12/logo.png","contentUrl":"https://sotzil-guatemaya.org/wp-content/uploads/2022/12/logo.png","width":854,"height":306,"caption":"Sotz’il"},"image":{"@id":"https://sotzil-guatemaya.org/en/#/schema/logo/image/"},"sameAs":["https://www.facebook.com/Sotzil","https://twitter.com/SOTZIL_MAYA","https://www.youtube.com/@sotzilguatemaya6898"]}]}</script>
<!-- / Yoast SEO plugin. -->

Incidencia de la Mesa Indígena de Cambio Climático de Guatemala, en la Política y la Ley de Cambio Climático.

Somos una organización indígena sustentada en principios y valores de la cosmovisión maya.
